{"id":5525,"date":"2020-10-28T17:33:12","date_gmt":"2020-10-28T20:33:12","guid":{"rendered":"http:\/\/crifecorretoradeseguros.com.br\/?page_id=5525"},"modified":"2020-10-28T17:38:10","modified_gmt":"2020-10-28T20:38:10","slug":"__trashed","status":"publish","type":"page","link":"https:\/\/crifecorretoradeseguros.com.br\/?page_id=5525","title":{"rendered":"POL\u00cdTICA DE PRIVACIDADE"},"content":{"rendered":"\t\t<div data-elementor-type=\"wp-post\" data-elementor-id=\"5525\" class=\"elementor elementor-5525\" data-elementor-settings=\"[]\">\n\t\t\t<div class=\"elementor-inner\">\n\t\t\t\t<div class=\"elementor-section-wrap\">\n\t\t\t\t\t\t\t<section class=\"elementor-element elementor-element-6e89a0e6 elementor-section-boxed elementor-section-height-default elementor-section-height-default elementor-section elementor-top-section\" data-id=\"6e89a0e6\" data-element_type=\"section\">\n\t\t\t\t\t\t<div class=\"elementor-container elementor-column-gap-default\">\n\t\t\t\t<div class=\"elementor-row\">\n\t\t\t\t<div class=\"elementor-element elementor-element-0237802 elementor-column elementor-col-100 elementor-top-column\" data-id=\"0237802\" data-element_type=\"column\">\n\t\t\t<div class=\"elementor-column-wrap\">\n\t\t\t\t\t<div class=\"elementor-widget-wrap\">\n\t\t\t\t\t\t<\/div>\n\t\t\t<\/div>\n\t\t<\/div>\n\t\t\t\t\t\t<\/div>\n\t\t\t<\/div>\n\t\t<\/section>\n\t\t\t\t<section class=\"elementor-element elementor-element-c4ddcad elementor-section-content-middle elementor-section-boxed elementor-section-height-default elementor-section-height-default elementor-section elementor-top-section\" data-id=\"c4ddcad\" data-element_type=\"section\" data-settings=\"{&quot;background_background&quot;:&quot;classic&quot;}\">\n\t\t\t\t\t\t\t<div class=\"elementor-background-overlay\"><\/div>\n\t\t\t\t\t\t\t<div class=\"elementor-container elementor-column-gap-default\">\n\t\t\t\t<div class=\"elementor-row\">\n\t\t\t\t<div class=\"elementor-element elementor-element-81d9add elementor-column elementor-col-100 elementor-top-column\" data-id=\"81d9add\" data-element_type=\"column\">\n\t\t\t<div class=\"elementor-column-wrap  elementor-element-populated\">\n\t\t\t\t\t<div class=\"elementor-widget-wrap\">\n\t\t\t\t<div class=\"elementor-element elementor-element-2d6d314 elementor-widget elementor-widget-text-editor\" data-id=\"2d6d314\" data-element_type=\"widget\" data-widget_type=\"text-editor.default\">\n\t\t\t\t<div class=\"elementor-widget-container\">\n\t\t\t\t\t<div class=\"elementor-text-editor elementor-clearfix\"><div class=\"elementor-element elementor-element-af062e8 elementor-widget elementor-widget-heading\" data-id=\"af062e8\" data-element_type=\"widget\" data-widget_type=\"heading.default\"><div class=\"elementor-widget-container\"><h2 class=\"elementor-heading-title elementor-size-default\">POL\u00cdTICA DE PRIVACIDADE<\/h2><\/div><\/div><div class=\"elementor-element elementor-element-2d6d314 elementor-widget elementor-widget-text-editor\" data-id=\"2d6d314\" data-element_type=\"widget\" data-widget_type=\"text-editor.default\"><div class=\"elementor-widget-container\"><div class=\"elementor-text-editor elementor-clearfix\"><p>A presente Pol\u00edtica de Privacidade tem por objetivo estabelecer as regras e diretrizes para tratamento de dados pessoais dos usu\u00e1rios de nosso site, oferecendo transpar\u00eancia a nossos visitantes e usu\u00e1rios no tratamento de seus dados pessoais.<\/p><p>Ao usar nosso site lhe ser\u00e1 solicitado a consentimento ao fornecimento de dados em todos os momentos onde isso acontece.<\/p><p>O \u00fanico uso dados a esses dados ser\u00e1 aquele para o qual foram fornecidos, sendo que zelamos por sua confidencialidade, seguran\u00e7a e rastreabilidade.<br \/><br \/>Os usu\u00e1rios poder\u00e3o solicitar a n\u00f3s de forma simples, por meio de nossos canais de contato e a qualquer tempo a confirma\u00e7\u00e3o da exist\u00eancia de seus dados em nosso poder, bem como acesso a eles. Poder\u00e3o, em posse dessa informa\u00e7\u00e3o solicitar sua corre\u00e7\u00e3o ou at\u00e9 mesmo exclus\u00e3o (caso a finalidade inda n\u00e3o tenha sido cumprida por completo, esta n\u00e3o ter\u00e1 efetividade)<\/p><p>Reafirmamos o compromisso ao estrito cumprimento dos termos da \u00a0Lei n\u00ba 13.709, de 14 de agosto de 2018 \u2013 Lei Geral de Prote\u00e7\u00e3o de Dados Pessoais (LGPD) e tamb\u00e9m de outras legisla\u00e7\u00f5es vigentes como o Marco Civil da Internet (Lei n\u00b0 12.965\/2014) e o C\u00f3digo de Defesa do Consumidor (Lei n\u00b0 8078\/1990)<br \/><br \/>Nossa responsabilidade \u00e9 respeitar e proteger as informa\u00e7\u00f5es pessoais de cada usu\u00e1rio evitando perda, roubo ou qualquer modalidade de uso indevido, al\u00e9m do acesso n\u00e3o autorizado, divulga\u00e7\u00e3o e altera\u00e7\u00e3o.<\/p><p>Em caso de d\u00favidas, ficamos \u00e0 disposi\u00e7\u00e3o pelos canais de comuni\u00e7\u00e3o presentes em nosso site.<br \/><br \/>Conte sempre conosco.<br \/><br \/>Agradecemos sua visita e sua aten\u00e7\u00e3o.<\/p><\/div><\/div><\/div><\/div>\n\t\t\t\t<\/div>\n\t\t\t\t<\/div>\n\t\t\t\t\t\t<\/div>\n\t\t\t<\/div>\n\t\t<\/div>\n\t\t\t\t\t\t<\/div>\n\t\t\t<\/div>\n\t\t<\/section>\n\t\t\t\t<section class=\"elementor-element elementor-element-6518adb elementor-section-boxed elementor-section-height-default elementor-section-height-default elementor-section elementor-top-section\" data-id=\"6518adb\" data-element_type=\"section\">\n\t\t\t\t\t\t<div class=\"elementor-container elementor-column-gap-default\">\n\t\t\t\t<div class=\"elementor-row\">\n\t\t\t\t\t\t<\/div>\n\t\t\t<\/div>\n\t\t<\/section>\n\t\t\t\t\t\t<\/div>\n\t\t\t<\/div>\n\t\t<\/div>\n\t\t","protected":false},"excerpt":{"rendered":"<p>POL\u00cdTICA DE PRIVACIDADE A presente Pol\u00edtica de Privacidade tem por objetivo estabelecer as regras e diretrizes para tratamento de dados pessoais dos usu\u00e1rios de nosso site, oferecendo transpar\u00eancia a nossos visitantes e usu\u00e1rios no tratamento de seus dados pessoais. Ao usar nosso site lhe ser\u00e1 solicitado a consentimento ao fornecimento de dados em todos os [&hellip;]<\/p>\n","protected":false},"author":1,"featured_media":0,"parent":0,"menu_order":0,"comment_status":"closed","ping_status":"closed","template":"template\/full-width-template.php","meta":{"_joinchat":[],"footnotes":""},"class_list":["post-5525","page","type-page","status-publish","hentry"],"_links":{"self":[{"href":"https:\/\/crifecorretoradeseguros.com.br\/index.php?rest_route=\/wp\/v2\/pages\/5525"}],"collection":[{"href":"https:\/\/crifecorretoradeseguros.com.br\/index.php?rest_route=\/wp\/v2\/pages"}],"about":[{"href":"https:\/\/crifecorretoradeseguros.com.br\/index.php?rest_route=\/wp\/v2\/types\/page"}],"author":[{"embeddable":true,"href":"https:\/\/crifecorretoradeseguros.com.br\/index.php?rest_route=\/wp\/v2\/users\/1"}],"replies":[{"embeddable":true,"href":"https:\/\/crifecorretoradeseguros.com.br\/index.php?rest_route=%2Fwp%2Fv2%2Fcomments&post=5525"}],"version-history":[{"count":3,"href":"https:\/\/crifecorretoradeseguros.com.br\/index.php?rest_route=\/wp\/v2\/pages\/5525\/revisions"}],"predecessor-version":[{"id":5530,"href":"https:\/\/crifecorretoradeseguros.com.br\/index.php?rest_route=\/wp\/v2\/pages\/5525\/revisions\/5530"}],"wp:attachment":[{"href":"https:\/\/crifecorretoradeseguros.com.br\/index.php?rest_route=%2Fwp%2Fv2%2Fmedia&parent=5525"}],"curies":[{"name":"wp","href":"https:\/\/api.w.org\/{rel}","templated":true}]}}