{"id":5545,"date":"2020-11-03T08:55:08","date_gmt":"2020-11-03T11:55:08","guid":{"rendered":"http:\/\/crifecorretoradeseguros.com.br\/?page_id=5545"},"modified":"2020-11-03T09:53:52","modified_gmt":"2020-11-03T12:53:52","slug":"gc-do-brasil-2","status":"publish","type":"page","link":"https:\/\/crifecorretoradeseguros.com.br\/?page_id=5545","title":{"rendered":"GC DO BRASIL"},"content":{"rendered":"\t\t<div data-elementor-type=\"wp-post\" data-elementor-id=\"5545\" class=\"elementor elementor-5545\" data-elementor-settings=\"[]\">\n\t\t\t<div class=\"elementor-inner\">\n\t\t\t\t<div class=\"elementor-section-wrap\">\n\t\t\t\t\t\t\t<section class=\"elementor-element elementor-element-6518adb elementor-section-boxed elementor-section-height-default elementor-section-height-default elementor-section elementor-top-section\" data-id=\"6518adb\" data-element_type=\"section\">\n\t\t\t\t\t\t<div class=\"elementor-container elementor-column-gap-default\">\n\t\t\t\t<div class=\"elementor-row\">\n\t\t\t\t\t\t<\/div>\n\t\t\t<\/div>\n\t\t<\/section>\n\t\t\t\t<section class=\"elementor-element elementor-element-0913003 elementor-section-boxed elementor-section-height-default elementor-section-height-default elementor-section elementor-top-section\" data-id=\"0913003\" data-element_type=\"section\">\n\t\t\t\t\t\t<div class=\"elementor-container elementor-column-gap-default\">\n\t\t\t\t<div class=\"elementor-row\">\n\t\t\t\t<div class=\"elementor-element elementor-element-2841285 elementor-column elementor-col-33 elementor-top-column\" data-id=\"2841285\" data-element_type=\"column\">\n\t\t\t<div class=\"elementor-column-wrap  elementor-element-populated\">\n\t\t\t\t\t<div class=\"elementor-widget-wrap\">\n\t\t\t\t<div class=\"elementor-element elementor-element-6958448 elementor-widget elementor-widget-image\" data-id=\"6958448\" data-element_type=\"widget\" data-widget_type=\"image.default\">\n\t\t\t\t<div class=\"elementor-widget-container\">\n\t\t\t\t\t<div class=\"elementor-image\">\n\t\t\t\t\t\t\t\t\t\t<img loading=\"lazy\" decoding=\"async\" width=\"300\" height=\"279\" src=\"https:\/\/crifecorretoradeseguros.com.br\/wp-content\/uploads\/2020\/11\/gc.jpg\" class=\"attachment-large size-large\" alt=\"\" \/>\t\t\t\t\t\t\t\t\t\t\t<\/div>\n\t\t\t\t<\/div>\n\t\t\t\t<\/div>\n\t\t\t\t\t\t<\/div>\n\t\t\t<\/div>\n\t\t<\/div>\n\t\t\t\t<div class=\"elementor-element elementor-element-55fe2ee elementor-column elementor-col-66 elementor-top-column\" data-id=\"55fe2ee\" data-element_type=\"column\">\n\t\t\t<div class=\"elementor-column-wrap  elementor-element-populated\">\n\t\t\t\t\t<div class=\"elementor-widget-wrap\">\n\t\t\t\t<div class=\"elementor-element elementor-element-70b1e85b elementor-widget elementor-widget-elementskit-heading\" data-id=\"70b1e85b\" data-element_type=\"widget\" data-widget_type=\"elementskit-heading.default\">\n\t\t\t\t<div class=\"elementor-widget-container\">\n\t\t\t<div class=\"ekit-wid-con\" ><div class=\"elementskit-section-title-wraper text_left   ekit_heading_tablet-   ekit_heading_mobile-\"><p>Fazemos parte da GC do Brasil, o maior conglomerado de corretoras de seguros do pa\u00eds. Participar desse grupo permite que a possamos trabalhar com as melhores condi\u00e7\u00f5es comerciais poss\u00edveis junto \u00e0s seguradoras parceiras.. E com esse acordo comercial, quem sai ganhando \u00e9 voc\u00ea, com oportunidades de neg\u00f3cio diferenciadas.<\/p>\n<\/div><\/div>\t\t<\/div>\n\t\t\t\t<\/div>\n\t\t\t\t<div class=\"elementor-element elementor-element-e9b0fb2 elementor-widget elementor-widget-elementskit-heading\" data-id=\"e9b0fb2\" data-element_type=\"widget\" data-widget_type=\"elementskit-heading.default\">\n\t\t\t\t<div class=\"elementor-widget-container\">\n\t\t\t<div class=\"ekit-wid-con\" ><div class=\"elementskit-section-title-wraper text_left   ekit_heading_tablet-   ekit_heading_mobile-\"><p><strong>MISS\u00c3O<\/strong><br \/>Desenvolver solu\u00e7\u00f5es para facilitar e ampliar a distribui\u00e7\u00e3o de seguros e servi\u00e7os pelos acionistas, gerando valor para a sociedade, a organiza\u00e7\u00e3o e os indiv\u00edduos.<\/p>\n<\/div><\/div>\t\t<\/div>\n\t\t\t\t<\/div>\n\t\t\t\t<div class=\"elementor-element elementor-element-61b3c0c elementor-widget elementor-widget-elementskit-heading\" data-id=\"61b3c0c\" data-element_type=\"widget\" data-widget_type=\"elementskit-heading.default\">\n\t\t\t\t<div class=\"elementor-widget-container\">\n\t\t\t<div class=\"ekit-wid-con\" ><div class=\"elementskit-section-title-wraper text_left   ekit_heading_tablet-   ekit_heading_mobile-\"><p><strong>VIS\u00c3O<\/strong><br \/>Ser refer\u00eancia na distribui\u00e7\u00e3o de seguros e servi\u00e7os, visando excelentes resultados para seus clientes, colaboradores, parceiros e acionistas.<\/p>\n<\/div><\/div>\t\t<\/div>\n\t\t\t\t<\/div>\n\t\t\t\t<div class=\"elementor-element elementor-element-d7f74a6 elementor-widget elementor-widget-elementskit-heading\" data-id=\"d7f74a6\" data-element_type=\"widget\" data-widget_type=\"elementskit-heading.default\">\n\t\t\t\t<div class=\"elementor-widget-container\">\n\t\t\t<div class=\"ekit-wid-con\" ><div class=\"elementskit-section-title-wraper text_left   ekit_heading_tablet-   ekit_heading_mobile-\"><p><strong>VALORES<\/strong><br \/><strong>Transpar\u00eancia:<\/strong>\u00a0Ser \u00e9tico e verdadeiro com nossos clientes, colaboradores, parceiros e acionistas. Cumprir os acordos e compartilhar as mudan\u00e7as por meio de uma comunica\u00e7\u00e3o clara, fiel e coerente;<\/p>\n<p><strong>Esp\u00edrito de Equipe:<\/strong>\u00a0Trabalhar juntos de forma sincronizada para alcan\u00e7ar objetivos comuns. Ter consci\u00eancia de que as atitudes individuais impactam o resultado do time;<\/p>\n<p><strong>Responsabilidade:<\/strong>\u00a0Ser respons\u00e1vel em honrar integralmente os compromissos assumidos com nossos clientes, colaboradores, parceiros e acionistas;<\/p>\n<p><strong>Confian\u00e7a:<\/strong>\u00a0Confiar nas pessoas, nos processos e no direcionamento da empresa. Nosso produtos e servi\u00e7os transmitem credibilidade e geram confian\u00e7a aos nossos clientes;<\/p>\n<p><strong>Respeito:<\/strong>\u00a0Respeitar o indiv\u00edduo e o coletivo, as normas da empresa, as pol\u00edticas e regulamenta\u00e7\u00f5es do mercado segurador, a rela\u00e7\u00e3o com clientes, colaboradores,parceiros e acionistas, buscando sempre o crescimento sustent\u00e1vel<\/p>\n<p>qualidade.\u2019\u2019<\/p>\n<\/div><\/div>\t\t<\/div>\n\t\t\t\t<\/div>\n\t\t\t\t\t\t<\/div>\n\t\t\t<\/div>\n\t\t<\/div>\n\t\t\t\t\t\t<\/div>\n\t\t\t<\/div>\n\t\t<\/section>\n\t\t\t\t<section class=\"elementor-element elementor-element-8f6327c elementor-section-boxed elementor-section-height-default elementor-section-height-default elementor-section elementor-top-section\" data-id=\"8f6327c\" data-element_type=\"section\">\n\t\t\t\t\t\t<div class=\"elementor-container elementor-column-gap-default\">\n\t\t\t\t<div class=\"elementor-row\">\n\t\t\t\t<div class=\"elementor-element elementor-element-ce08943 elementor-column elementor-col-33 elementor-top-column\" data-id=\"ce08943\" data-element_type=\"column\">\n\t\t\t<div class=\"elementor-column-wrap\">\n\t\t\t\t\t<div class=\"elementor-widget-wrap\">\n\t\t\t\t\t\t<\/div>\n\t\t\t<\/div>\n\t\t<\/div>\n\t\t\t\t<div class=\"elementor-element elementor-element-27c190c elementor-column elementor-col-66 elementor-top-column\" data-id=\"27c190c\" data-element_type=\"column\">\n\t\t\t<div class=\"elementor-column-wrap\">\n\t\t\t\t\t<div class=\"elementor-widget-wrap\">\n\t\t\t\t\t\t<\/div>\n\t\t\t<\/div>\n\t\t<\/div>\n\t\t\t\t\t\t<\/div>\n\t\t\t<\/div>\n\t\t<\/section>\n\t\t\t\t<section class=\"elementor-element elementor-element-94d49dc elementor-section-boxed elementor-section-height-default elementor-section-height-default elementor-section elementor-top-section\" data-id=\"94d49dc\" data-element_type=\"section\">\n\t\t\t\t\t\t<div class=\"elementor-container elementor-column-gap-default\">\n\t\t\t\t<div class=\"elementor-row\">\n\t\t\t\t<div class=\"elementor-element elementor-element-c9aeee1 elementor-column elementor-col-33 elementor-top-column\" data-id=\"c9aeee1\" data-element_type=\"column\">\n\t\t\t<div class=\"elementor-column-wrap\">\n\t\t\t\t\t<div class=\"elementor-widget-wrap\">\n\t\t\t\t\t\t<\/div>\n\t\t\t<\/div>\n\t\t<\/div>\n\t\t\t\t<div class=\"elementor-element elementor-element-d7539d1 elementor-column elementor-col-66 elementor-top-column\" data-id=\"d7539d1\" data-element_type=\"column\">\n\t\t\t<div class=\"elementor-column-wrap\">\n\t\t\t\t\t<div class=\"elementor-widget-wrap\">\n\t\t\t\t\t\t<\/div>\n\t\t\t<\/div>\n\t\t<\/div>\n\t\t\t\t\t\t<\/div>\n\t\t\t<\/div>\n\t\t<\/section>\n\t\t\t\t\t\t<\/div>\n\t\t\t<\/div>\n\t\t<\/div>\n\t\t","protected":false},"excerpt":{"rendered":"<p>Fazemos parte da GC do Brasil, o maior conglomerado de corretoras de seguros do pa\u00eds. Participar desse grupo permite que a possamos trabalhar com as melhores condi\u00e7\u00f5es comerciais poss\u00edveis junto \u00e0s seguradoras parceiras.. E com esse acordo comercial, quem sai ganhando \u00e9 voc\u00ea, com oportunidades de neg\u00f3cio diferenciadas. MISS\u00c3ODesenvolver solu\u00e7\u00f5es para facilitar e ampliar a [&hellip;]<\/p>\n","protected":false},"author":1,"featured_media":0,"parent":0,"menu_order":0,"comment_status":"closed","ping_status":"closed","template":"template\/full-width-template.php","meta":{"_joinchat":[],"footnotes":""},"class_list":["post-5545","page","type-page","status-publish","hentry"],"_links":{"self":[{"href":"https:\/\/crifecorretoradeseguros.com.br\/index.php?rest_route=\/wp\/v2\/pages\/5545"}],"collection":[{"href":"https:\/\/crifecorretoradeseguros.com.br\/index.php?rest_route=\/wp\/v2\/pages"}],"about":[{"href":"https:\/\/crifecorretoradeseguros.com.br\/index.php?rest_route=\/wp\/v2\/types\/page"}],"author":[{"embeddable":true,"href":"https:\/\/crifecorretoradeseguros.com.br\/index.php?rest_route=\/wp\/v2\/users\/1"}],"replies":[{"embeddable":true,"href":"https:\/\/crifecorretoradeseguros.com.br\/index.php?rest_route=%2Fwp%2Fv2%2Fcomments&post=5545"}],"version-history":[{"count":3,"href":"https:\/\/crifecorretoradeseguros.com.br\/index.php?rest_route=\/wp\/v2\/pages\/5545\/revisions"}],"predecessor-version":[{"id":5550,"href":"https:\/\/crifecorretoradeseguros.com.br\/index.php?rest_route=\/wp\/v2\/pages\/5545\/revisions\/5550"}],"wp:attachment":[{"href":"https:\/\/crifecorretoradeseguros.com.br\/index.php?rest_route=%2Fwp%2Fv2%2Fmedia&parent=5545"}],"curies":[{"name":"wp","href":"https:\/\/api.w.org\/{rel}","templated":true}]}}